t the prime factors of 73425.
3, 5, 11, 89
List the prime factors of 59.
59
What are the prime factors of 2459?
2459
What are the prime factors of 8472?
2, 3, 353
What are the prime factors of 1141?
7, 163
What are the prime factors of 14311?
11, 1301
What are the prime factors of 87906?
2, 3, 7, 13, 23
What are the prime factors of 30477?
3, 10159
What are the prime factors of 5348?
2, 7, 191
List the prime factors of 268.
2, 67
List the prime factors of 31060.
2, 5, 1553
List the prime factors of 79034.
2, 43, 919
What are the prime factors of 1170?
2, 3, 5, 13
What are the prime factors of 3808?
2, 7, 17
What are the prime factors of 1020?
2, 3, 5, 17
What are the prime factors of 27780?
2, 3, 5, 463
List the prime factors of 802.
2, 401
What are the prime factors of 8576?
2, 67
List the prime factors of 2295.
3, 5, 17
What are the prime factors of 111915?
3, 5, 829
List the prime factors of 5318.
2, 2659
List the prime factors of 2531.
2531
List the prime factors of 6803.
6803
List the prime factors of 20847.
3, 6949
List the prime factors of 22200.
2, 3, 5, 37
What are the prime factors of 400?
2, 5
What are the prime factors of 5421?
3, 13, 139
List the prime factors of 123417.
3, 7, 653
List the prime factors of 418.
2, 11, 19
What are the prime factors of 3844?
2, 31
What are the prime factors of 1536?
2, 3
What are the prime factors of 2397?
3, 17, 47
What are the prime factors of 1718?
2, 859
List the prime factors of 1164.
2, 3, 97
List the prime factors of 1182.
2, 3, 197
List the prime factors of 15894.
2, 3, 883
What are the prime factors of 14482?
2, 13, 557
List the prime factors of 36564.
2, 3, 11, 277
List the prime factors of 9191.
7, 13, 101
What are the prime factors of 15875?
5, 127
List the prime factors of 218.
2, 109
List the prime factors of 4092.
2, 3, 11, 31
List the prime factors of 1834.
2, 7, 131
List the prime factors of 6526.
2, 13, 251
List the prime factors of 2239.
2239
List the prime factors of 1224.
2, 3, 17
List the prime factors of 1579.
1579
List the prime factors of 1869.
3, 7, 89
What are the prime factors of 1057?
7, 151
List the prime factors of 12805.
5, 13, 197
List the prime factors of 4165.
5, 7, 17
What are the prime factors of 3983?
7, 569
List the prime factors of 3076.
2, 769
List the prime factors of 17626.
2, 7, 1259
List the prime factors of 765.
3, 5, 17
List the prime factors of 386.
2, 193
What are the prime factors of 2098?
2, 1049
What are the prime factors of 10073?
7, 1439
What are the prime factors of 2746?
2, 1373
What are the prime factors of 4343?
43, 101
What are the prime factors of 836?
2, 11, 19
List the prime factors of 25814.
2, 12907
What are the prime factors of 51393?
3, 37, 463
List the prime factors of 992.
2, 31
List the prime factors of 684.
2, 3, 19
List the prime factors of 151.
151
List the prime factors of 56002.
2, 28001
What are the prime factors of 987?
3, 7, 47
List the prime factors of 19183.
19183
What are the prime factors of 19243?
7, 2749
What are the prime factors of 2978?
2, 1489
List the prime factors of 1827.
3, 7, 29
List the prime factors of 1856.
2, 29
List the prime factors of 7008.
2, 3, 73
What are the prime factors of 1031?
1031
What are the prime factors of 18862?
2, 9431
What are the prime factors of 194?
2, 97
What are the prime factors of 1797?
3, 599
List the prime factors of 1639.
11, 149
List the prime factors of 28701.
3, 1063
List the prime factors of 76004.
2, 19001
What are the prime factors of 2366?
2, 7, 13
List the prime factors of 973.
7, 139
List the prime factors of 869.
11, 79
List the prime factors of 1410.
2, 3, 5, 47
List the prime factors of 183607.
89, 2063
What are the prime factors of 2641?
19, 139
What are the prime factors of 7760?
2, 5, 97
List the prime factors of 3096.
2, 3, 43
List the prime factors of 26073.
3, 2897
List the prime factors of 12747.
3, 7, 607
List the prime factors of 888.
2, 3, 37
What are the prime factors of 765?
3, 5, 17
List the prime factors of 22013.
22013
List the prime factors of 891.
3, 11
What are the prime factors of 1310?
2, 5, 131
List the prime factors of 2215.
5, 443
What are the prime factors of 1960?
2, 5, 7
What are the prime factors of 95825?
5, 3833
What are the prime factors of 1845?
3, 5, 41
What are the prime factors of 1708?
2, 7, 61
What are the prime factors of 11020?
2, 5, 19, 29
List the prime factors of 1212.
2, 3, 101
What are the prime factors of 878?
2, 439
List the prime factors of 60009.
3, 83, 241
List the prime factors of 4632.
2, 3, 193
What are the prime factors of 1378?
2, 13, 53
What are the prime factors of 116195?
5, 17, 1367
List the prime factors of 11807.
11807
What are the prime factors of 442?
2, 13, 17
List the prime factors of 138001.
59, 2339
What are the prime factors of 20083?
7, 19, 151
What are the prime factors of 19576?
2, 2447
What are the prime factors of 29451?
3, 9817
What are the prime factors of 3364?
2, 29
List the prime factors of 6353.
6353
What are the prime factors of 12311?
13, 947
What are the prime factors of 1542?
2, 3, 257
What are the prime factors of 6344?
2, 13, 61
What are the prime factors of 71228?
2, 17807
List the prime factors of 841.
29
What are the prime factors of 19381?
19381
List the prime factors of 258.
2, 3, 43
List the prime factors of 43950.
2, 3, 5, 293
List the prime factors of 37222.
2, 37, 503
List the prime factors of 94399.
94399
What are the prime factors of 11222?
2, 31, 181
List the prime factors of 29997.
3, 11, 101
List the prime factors of 11060.
2, 5, 7, 79
List the prime factors of 2413.
19, 127
List the prime factors of 1627.
1627
List the prime factors of 58289.
7, 11, 757
List the prime factors of 5244.
2, 3, 19, 23
What are the prime factors of 610?
2, 5, 61
What are the prime factors of 56?
2, 7
List the prime factors of 41167.
7, 5881
List the prime factors of 104226.
2, 3, 29, 599
List the prime factors of 4090.
2, 5, 409
List the prime factors of 53238.
2, 3, 19, 467
What are the prime factors of 13356?
2, 3, 7, 53
What are the prime factors of 18193?
7, 23, 113
What are the prime factors of 15462?
2, 3, 859
What are the prime factors of 880?
2, 5, 11
What are the prime factors of 4853?
23, 211
What are the prime factors of 48570?
2, 3, 5, 1619
List the prime factors of 283.
283
What are the prime factors of 2699?
2699
List the prime factors of 2845.
5, 569
List the prime factors of 1694.
2, 7, 11
What are the prime factors of 7107?
3, 23, 103
List the prime factors of 5385.
3, 5, 359
What are the prime factors of 474?
2, 3, 79
What are the prime factors of 593?
593
List the prime factors of 51375.
3, 5, 137
What are the prime factors of 25199?
113, 223
What are the prime factors of 112758?
2, 3, 18793
List the prime factors of 1575.
3, 5, 7
What are the prime factors of 21827?
13, 23, 73
List the prime factors of 62375.
5, 499
What are the prime factors of 4313?
19, 227
List the prime factors of 4553.
29, 157
List the prime factors of 2510.
2, 5, 251
List the prime factors of 2295.
3, 5, 17
What are the prime factors of 118103?
89, 1327
List the prime factors of 722.
2, 19
List the prime factors of 8059.
8059
List the prime factors of 1284.
2, 3, 107
List the prime factors of 86350.
2, 5, 11, 157
What are the prime factors of 30874?
2, 43, 359
What are the prime factors of 59767?
59, 1013
List the prime factors of 27744.
2, 3, 17
List the prime factors of 1308.
2, 3, 109
List the prime factors of 3905.
5, 11, 71
What are the prime factors of 3310?
2, 5, 331
What are the prime factors of 44862?
2, 3, 7477
What are the prime factors of 903?
3, 7, 43
List the prime factors of 5700.
2, 3, 5, 19
What are the prime factors of 3616?
2, 113
What are the prime factors of 9897?
3, 3299
What are the prime factors of 55526?
2, 27763
List the prime factors of 97627.
233, 419
List the prime factors of 15495.
3, 5, 1033
List the prime factors of 1534.
2, 13, 59
What are the prime factors of 27717?
3, 9239
What are the prime factors of 993?
3, 331
What are the prime factors of 1234?
2, 617
List the prime factors of 678.
2, 3, 113
What are the prime factors of 6339?
3, 2113
What are the prime factors of 68989?
19, 3631
What are the prime factors of 11934?
2, 3, 13, 17
List the prime factors of